[INFO] cloning repository https://github.com/TheHackerCoding/engine
[INFO] running `Command { std: "git" "-c" "credential.helper=" "-c" "credential.helper=/workspace/cargo-home/bin/git-credential-null" "clone" "--bare" "https://github.com/TheHackerCoding/engine" "/workspace/cache/git-repos/https%3A%2F%2Fgithub.com%2FTheHackerCoding%2Fengine", kill_on_drop: false }`
[INFO] [stderr] Cloning into bare repository '/workspace/cache/git-repos/https%3A%2F%2Fgithub.com%2FTheHackerCoding%2Fengine'...
[INFO] running `Command { std: "git" "rev-parse" "HEAD", kill_on_drop: false }`
[INFO] [stdout] 0cabc8bf71c1c0e3b5c72c1cab7c90151db4508c
[INFO] checking TheHackerCoding/engine against master#e6e4f7ed1589e03bc2f6c5931c1a72e7947e8682 for beta-170-4
[INFO] running `Command { std: "git" "clone" "/workspace/cache/git-repos/https%3A%2F%2Fgithub.com%2FTheHackerCoding%2Fengine" "/workspace/builds/worker-4-tc2/source", kill_on_drop: false }`
[INFO] [stderr] Cloning into '/workspace/builds/worker-4-tc2/source'...
[INFO] [stderr] done.
[INFO] validating manifest of git repo https://github.com/TheHackerCoding/engine on toolchain e6e4f7ed1589e03bc2f6c5931c1a72e7947e8682
[INFO] running `Command { std: CARGO_HOME="/workspace/cargo-home" RUSTUP_HOME="/workspace/rustup-home" "/workspace/cargo-home/bin/cargo" "+e6e4f7ed1589e03bc2f6c5931c1a72e7947e8682" "metadata" "--manifest-path" "Cargo.toml" "--no-deps", kill_on_drop: false }`
[INFO] started tweaking git repo https://github.com/TheHackerCoding/engine
[INFO] finished tweaking git repo https://github.com/TheHackerCoding/engine
[INFO] tweaked toml for git repo https://github.com/TheHackerCoding/engine written to /workspace/builds/worker-4-tc2/source/Cargo.toml
[INFO] crate git repo https://github.com/TheHackerCoding/engine already has a lockfile, it will not be regenerated
[INFO] running `Command { std: CARGO_HOME="/workspace/cargo-home" RUSTUP_HOME="/workspace/rustup-home" "/workspace/cargo-home/bin/cargo" "+e6e4f7ed1589e03bc2f6c5931c1a72e7947e8682" "fetch" "--manifest-path" "Cargo.toml", kill_on_drop: false }`
[INFO] running `Command { std: "docker" "create" "-v" "/var/lib/crater-agent-workspace/builds/worker-4-tc2/target:/opt/rustwide/target:rw,Z" "-v" "/var/lib/crater-agent-workspace/builds/worker-4-tc2/source:/opt/rustwide/workdir:ro,Z" "-v" "/var/lib/crater-agent-workspace/cargo-home:/opt/rustwide/cargo-home:ro,Z" "-v" "/var/lib/crater-agent-workspace/rustup-home:/opt/rustwide/rustup-home:ro,Z" "-e" "SOURCE_DIR=/opt/rustwide/workdir" "-e" "CARGO_TARGET_DIR=/opt/rustwide/target" "-e" "CARGO_HOME=/opt/rustwide/cargo-home" "-e" "RUSTUP_HOME=/opt/rustwide/rustup-home" "-w" "/opt/rustwide/workdir" "-m" "1610612736" "--user" "0:0" "--network" "none" "ghcr.io/rust-lang/crates-build-env/linux@sha256:5ff2268d62e97bff2cde7d5815dd6ed5b47097566f13b8d0ca110b04b60e07ed" "/opt/rustwide/cargo-home/bin/cargo" "+e6e4f7ed1589e03bc2f6c5931c1a72e7947e8682" "metadata" "--no-deps" "--format-version=1", kill_on_drop: false }`
[INFO] [stdout] 46e8a20a5e57cf8fe77a54708f440e3ea8584466ea34c0cb9dd13769e9ed40c1
[INFO] running `Command { std: "docker" "start" "-a" "46e8a20a5e57cf8fe77a54708f440e3ea8584466ea34c0cb9dd13769e9ed40c1", kill_on_drop: false }`
[INFO] running `Command { std: "docker" "inspect" "46e8a20a5e57cf8fe77a54708f440e3ea8584466ea34c0cb9dd13769e9ed40c1", kill_on_drop: false }`
[INFO] running `Command { std: "docker" "rm" "-f" "46e8a20a5e57cf8fe77a54708f440e3ea8584466ea34c0cb9dd13769e9ed40c1", kill_on_drop: false }`
[INFO] [stdout] 46e8a20a5e57cf8fe77a54708f440e3ea8584466ea34c0cb9dd13769e9ed40c1
[INFO] running `Command { std: "docker" "create" "-v" "/var/lib/crater-agent-workspace/builds/worker-4-tc2/target:/opt/rustwide/target:rw,Z" "-v" "/var/lib/crater-agent-workspace/builds/worker-4-tc2/source:/opt/rustwide/workdir:ro,Z" "-v" "/var/lib/crater-agent-workspace/cargo-home:/opt/rustwide/cargo-home:ro,Z" "-v" "/var/lib/crater-agent-workspace/rustup-home:/opt/rustwide/rustup-home:ro,Z" "-e" "SOURCE_DIR=/opt/rustwide/workdir" "-e" "CARGO_TARGET_DIR=/opt/rustwide/target" "-e" "CARGO_INCREMENTAL=0" "-e" "RUST_BACKTRACE=full" "-e" "RUSTFLAGS=--cap-lints=forbid" "-e" "RUSTDOCFLAGS=--cap-lints=forbid" "-e" "CARGO_HOME=/opt/rustwide/cargo-home" "-e" "RUSTUP_HOME=/opt/rustwide/rustup-home" "-w" "/opt/rustwide/workdir" "-m" "1610612736" "--user" "0:0" "--network" "none" "ghcr.io/rust-lang/crates-build-env/linux@sha256:5ff2268d62e97bff2cde7d5815dd6ed5b47097566f13b8d0ca110b04b60e07ed" "/opt/rustwide/cargo-home/bin/cargo" "+e6e4f7ed1589e03bc2f6c5931c1a72e7947e8682" "check" "--frozen" "--all" "--all-targets" "--message-format=json", kill_on_drop: false }`
[INFO] [stdout] 025bded91f987215be13bf28384e974862d257c1cd6822ce77903e45c4dff6cc
[INFO] running `Command { std: "docker" "start" "-a" "025bded91f987215be13bf28384e974862d257c1cd6822ce77903e45c4dff6cc", kill_on_drop: false }`
[INFO] [stderr]    Compiling cc v1.0.73
[INFO] [stderr]    Compiling fs_extra v1.2.0
[INFO] [stderr]    Compiling pkg-config v0.3.24
[INFO] [stderr]    Compiling libc v0.2.119
[INFO] [stderr]     Checking once_cell v1.9.0
[INFO] [stderr]     Checking bstr v0.2.17
[INFO] [stderr]    Compiling cmake v0.1.48
[INFO] [stderr]    Compiling lua-src v544.0.0
[INFO] [stderr]    Compiling luajit-src v210.3.2+resty1085a4d
[INFO] [stderr]    Compiling mlua v0.7.3
[INFO] [stderr]    Compiling raylib-sys v3.7.0
[INFO] [stderr]     Checking raylib v3.7.0
[INFO] [stderr]     Checking engine v0.1.0 (/opt/rustwide/workdir)
[INFO] [stdout] warning: unused import: `utils::exit`
[INFO] [stdout]  --> src/main.rs:4:5
[INFO] [stdout]   |
[INFO] [stdout] 4 | use utils::exit;
[INFO] [stdout]   |     ^^^^^^^^^^^
[INFO] [stdout]   |
[INFO] [stdout]   = note: `#[warn(unused_imports)]` on by default
[INFO] [stdout] 
[INFO] [stdout] 
[INFO] [stdout] warning: unused import: `utils::exit`
[INFO] [stdout]  --> src/main.rs:4:5
[INFO] [stdout]   |
[INFO] [stdout] 4 | use utils::exit;
[INFO] [stdout]   |     ^^^^^^^^^^^
[INFO] [stdout]   |
[INFO] [stdout]   = note: `#[warn(unused_imports)]` on by default
[INFO] [stdout] 
[INFO] [stdout] 
[INFO] [stdout] error[E0658]: the precise format of `Fn`-family traits' type parameters is subject to change
[INFO] [stdout]   --> src/lua/mod.rs:64:45
[INFO] [stdout]    |
[INFO] [stdout] 64 | fn mass_import<'a, T>(lua: &'a Lua, misc: &[Fn<(&Lua, T)>]) {
[INFO] [stdout]    |                                             ^^^^^^^^^^^^^ help: use parenthetical notation instead: `Fn(&Lua, T) -> ()`
[INFO] [stdout]    |
[INFO] [stdout]    = note: see issue #29625 <https://github.com/rust-lang/rust/issues/29625> for more information
[INFO] [stdout]    = help: add `#![feature(unboxed_closures)]` to the crate attributes to enable
[INFO] [stdout] 
[INFO] [stdout] 
[INFO] [stdout] error[E0658]: the precise format of `Fn`-family traits' type parameters is subject to change
[INFO] [stdout]   --> src/lua/mod.rs:64:45
[INFO] [stdout]    |
[INFO] [stdout] 64 | fn mass_import<'a, T>(lua: &'a Lua, misc: &[Fn<(&Lua, T)>]) {
[INFO] [stdout]    |                                             ^^^^^^^^^^^^^ help: use parenthetical notation instead: `Fn(&Lua, T) -> ()`
[INFO] [stdout]    |
[INFO] [stdout]    = note: see issue #29625 <https://github.com/rust-lang/rust/issues/29625> for more information
[INFO] [stdout]    = help: add `#![feature(unboxed_closures)]` to the crate attributes to enable
[INFO] [stdout] 
[INFO] [stdout] 
[INFO] [stdout] error[E0191]: the value of the associated type `Output` (from trait `FnOnce`) must be specified
[INFO] [stdout]   --> src/lua/mod.rs:64:45
[INFO] [stdout]    |
[INFO] [stdout] 64 | fn mass_import<'a, T>(lua: &'a Lua, misc: &[Fn<(&Lua, T)>]) {
[INFO] [stdout]    |                                             ^^^^^^^^^^^^^ help: specify the associated type: `Fn<(&Lua, T), Output = Type>`
[INFO] [stdout] 
[INFO] [stdout] 
[INFO] [stdout] error[E0191]: the value of the associated type `Output` (from trait `FnOnce`) must be specified
[INFO] [stdout]   --> src/lua/mod.rs:64:45
[INFO] [stdout]    |
[INFO] [stdout] 64 | fn mass_import<'a, T>(lua: &'a Lua, misc: &[Fn<(&Lua, T)>]) {
[INFO] [stdout]    |                                             ^^^^^^^^^^^^^ help: specify the associated type: `Fn<(&Lua, T), Output = Type>`
[INFO] [stdout] 
[INFO] [stdout] 
[INFO] [stdout] error[E0782]: trait objects must include the `dyn` keyword
[INFO] [stdout]   --> src/lua/mod.rs:64:45
[INFO] [stdout]    |
[INFO] [stdout] 64 | fn mass_import<'a, T>(lua: &'a Lua, misc: &[Fn<(&Lua, T)>]) {
[INFO] [stdout]    |                                             ^^^^^^^^^^^^^
[INFO] [stdout]    |
[INFO] [stdout] help: add `dyn` keyword before this trait
[INFO] [stdout]    |
[INFO] [stdout] 64 | fn mass_import<'a, T>(lua: &'a Lua, misc: &[dyn Fn<(&Lua, T)>]) {
[INFO] [stdout]    |                                             +++
[INFO] [stdout] 
[INFO] [stdout] 
[INFO] [stdout] error: aborting due to 3 previous errors; 1 warning emitted
[INFO] [stdout] 
[INFO] [stdout] 
[INFO] [stdout] Some errors have detailed explanations: E0191, E0658, E0782.
[INFO] [stdout] 
[INFO] [stdout] For more information about an error, try `rustc --explain E0191`.
[INFO] [stdout] 
[INFO] [stdout] error[E0782]: trait objects must include the `dyn` keyword
[INFO] [stdout]   --> src/lua/mod.rs:64:45
[INFO] [stdout]    |
[INFO] [stdout] 64 | fn mass_import<'a, T>(lua: &'a Lua, misc: &[Fn<(&Lua, T)>]) {
[INFO] [stdout]    |                                             ^^^^^^^^^^^^^
[INFO] [stdout]    |
[INFO] [stdout] help: add `dyn` keyword before this trait
[INFO] [stdout]    |
[INFO] [stdout] 64 | fn mass_import<'a, T>(lua: &'a Lua, misc: &[dyn Fn<(&Lua, T)>]) {
[INFO] [stdout]    |                                             +++
[INFO] [stdout] 
[INFO] [stdout] 
[INFO] [stdout] error: aborting due to 3 previous errors; 1 warning emitted
[INFO] [stdout] 
[INFO] [stdout] 
[INFO] [stdout] Some errors have detailed explanations: E0191, E0658, E0782.
[INFO] [stdout] 
[INFO] [stdout] For more information about an error, try `rustc --explain E0191`.
[INFO] [stdout] 
[INFO] [stderr] error: could not compile `engine` (bin "engine") due to 4 previous errors; 1 warning emitted
[INFO] [stderr] warning: build failed, waiting for other jobs to finish...
[INFO] [stderr] error: could not compile `engine` (bin "engine" test) due to 4 previous errors; 1 warning emitted
[INFO] running `Command { std: "docker" "inspect" "025bded91f987215be13bf28384e974862d257c1cd6822ce77903e45c4dff6cc", kill_on_drop: false }`
[INFO] running `Command { std: "docker" "rm" "-f" "025bded91f987215be13bf28384e974862d257c1cd6822ce77903e45c4dff6cc", kill_on_drop: false }`
[INFO] [stdout] 025bded91f987215be13bf28384e974862d257c1cd6822ce77903e45c4dff6cc
